16 and 3544747.
3767
What is the greatest common divisor of 357615 and 34965?
135
What is the highest common divisor of 197786702 and 2649?
883
What is the greatest common factor of 30 and 264623475?
15
What is the greatest common factor of 236768 and 1960?
392
Calculate the greatest common factor of 7340729 and 65747.
1529
What is the highest common divisor of 21 and 87419031?
21
Calculate the greatest common factor of 90 and 71046.
18
Calculate the highest common divisor of 23086720 and 1120.
160
What is the highest common divisor of 87594302 and 24414?
626
Calculate the highest common divisor of 3845101 and 689.
13
Calculate the greatest common factor of 66395823 and 741.
741
Calculate the greatest common divisor of 14 and 4038270.
2
Calculate the highest common factor of 1506384 and 4121.
317
What is the highest common divisor of 1224 and 71706136?
136
What is the highest common divisor of 1141429 and 4583707?
1999
What is the greatest common divisor of 3050 and 12299200?
50
What is the highest common divisor of 5343 and 15911043?
411
What is the greatest common divisor of 19964 and 68724?
92
What is the greatest common factor of 322 and 261599079?
161
What is the highest common divisor of 31433068 and 4522?
646
Calculate the highest common divisor of 14448 and 1470256.
688
Calculate the greatest common factor of 155496 and 18568.
88
Calculate the highest common divisor of 378377 and 22387.
367
Calculate the greatest common factor of 32326632 and 936.
936
Calculate the highest common factor of 27720 and 97965.
315
What is the highest common divisor of 1312 and 22077434?
82
What is the greatest common factor of 28677092 and 8?
4
Calculate the highest common factor of 3285919 and 91.
91
Calculate the highest common factor of 1665579 and 1399593.
6333
What is the greatest common divisor of 348 and 24898824?
12
Calculate the greatest common divisor of 45674265 and 6825.
1365
What is the highest common divisor of 556188 and 3252?
12
Calculate the greatest common factor of 221725868 and 664.
332
Calculate the greatest common divisor of 312671 and 688983.
2767
What is the greatest common divisor of 22382 and 4842758?
1178
Calculate the greatest common divisor of 109424870 and 1867.
1867
What is the greatest common divisor of 66262516 and 4384?
548
What is the greatest common divisor of 152412988 and 23660?
4732
What is the highest common factor of 46 and 10555551?
23
Calculate the highest common factor of 4320 and 647200.
160
Calculate the greatest common divisor of 30 and 13331415.
15
What is the highest common factor of 13 and 50640239?
13
What is the greatest common factor of 78818690 and 1545?
515
Calculate the greatest common factor of 9637576 and 520.
104
What is the greatest common divisor of 258101156 and 4?
4
Calculate the greatest common factor of 493713 and 45936.
99
Calculate the greatest common divisor of 4439 and 461562781.
4439
What is the greatest common factor of 852165 and 97150?
145
Calculate the highest common factor of 1407536 and 107969.
101
What is the greatest common divisor of 3230967530 and 35?
35
Calculate the highest common factor of 2756 and 700544.
52
Calculate the greatest common factor of 57100928 and 20352.
6784
Calculate the greatest common divisor of 345435245 and 2495.
2495
Calculate the highest common divisor of 81 and 10831077.
81
What is the greatest common factor of 15572 and 1901756?
68
Calculate the greatest common factor of 34408 and 59928.
88
Calculate the greatest common factor of 30 and 10889890.
10
What is the highest common factor of 214655 and 4480?
35
What is the highest common divisor of 531 and 5324229?
9
Calculate the greatest common divisor of 249362886 and 18.
6
What is the greatest common divisor of 73386 and 69762?
906
What is the greatest common factor of 10 and 1813185?
5
Calculate the highest common divisor of 176 and 18147668.
44
Calculate the highest common divisor of 6111014 and 4914.
182
Calculate the highest common divisor of 27 and 3644721.
9
Calculate the highest common divisor of 324 and 377760348.
324
Calculate the highest common factor of 137 and 49047.
1
What is the highest common factor of 61191792 and 1693?
1693
What is the greatest common divisor of 23149994 and 31?
31
What is the highest common divisor of 560 and 526896?
16
Calculate the greatest common divisor of 178286 and 233426.
1838
Calculate the highest common factor of 1317 and 143031468.
1317
What is the greatest common divisor of 5438 and 62202563?
2719
What is the greatest common factor of 170 and 3716897?
17
What is the highest common factor of 2165568 and 296?
8
Calculate the greatest common factor of 459217728 and 4395.
879
What is the highest common factor of 868794 and 10583?
19
What is the highest common factor of 18699 and 16491?
69
Calculate the greatest common divisor of 3071 and 930995147.
3071
Calculate the highest common factor of 315570 and 40334.
134
Calculate the highest common factor of 64444824 and 8568.
1224
What is the greatest common divisor of 160 and 405505?
5
Calculate the greatest common divisor of 70667604 and 48852.
2124
Calculate the highest common divisor of 2269660 and 110.
10
What is the highest common factor of 6606 and 586143774?
6606
What is the greatest common factor of 3248 and 8685880?
56
Calculate the greatest common divisor of 12551 and 1183217.
1141
Calculate the highest common divisor of 56189 and 60053.
161
Calculate the greatest common divisor of 140050461 and 1149.
1149
What is the highest common factor of 13096185 and 45?
15
What is the greatest common divisor of 200 and 13291700?
100
What is the greatest common divisor of 3959117 and 17867?
1051
What is the greatest common factor of 37398037 and 454997?
6791
Calculate the highest common divisor of 65894112 and 180.
36
Calculate the highest common divisor of 630 and 41328510.
30
Calculate the greatest common divisor of 135 and 960305.
5
What is the highest common divisor of 90 and 18510?
30
What is the greatest common divisor of 1782 and 10665006?
66
Calculate the greatest common divisor of 107175 and 68850.
75
Calculate the highest common divisor of 18735 and 21785058.
3747
What is the greatest common factor of 132192 and 471104?
544
Calculate the greatest common factor of 112806966 and 1208.
302
Calculate the highest common divisor of 710 and 36899410.
710
What is the highest common factor of 76 and 191336?
4
What is the greatest common factor of 137013 and 160896?
1257
Calculate the highest common divisor of 25672 and 268.
4
What is the highest common divisor of 32 and 792399952?
16
Calculate the highest common factor of 23126 and 812262.
62
Calculate the highest common factor of 43981888 and 135424.
1472
Calculate the greatest common divisor of 165 and 11866290.
15
Calculate the highest common factor of 287342 and 3322.
22
Calculate the greatest common factor of 89296 and 13328.
16
Calculate the greatest common divisor of 21 and 16177357.
7
What is the greatest common factor of 98305644 and 140466?
3426
Calculate the highest common factor of 13 and 1374309781.
13
What is the greatest common divisor of 254 and 215659335?
127
Calculate the greatest common divisor of 1784521 and 711253.
4259
Calculate the highest common divisor of 2097580429 and 79.
79
Calculate the greatest common divisor of 13753298 and 26.
26
Calculate the highest common factor of 143531381 and 2245.
449
What is the greatest common divisor of 59483 and 183515?
17
Calculate the greatest common divisor of 177270453 and 2070.
207
Calculate the highest common divisor of 3633 and 7863888.
519
Calculate the highest common factor of 48 and 7842864.
48
Calculate the highest common divisor of 36485973 and 9.
9
What is the highest common factor of 695 and 286805?
5
Calculate the highest common factor of 12045982 and 13.
13
What is the highest common factor of 5283242 and 3427?
149
Calculate the greatest common divisor of 2981506 and 41536.
1298
Calculate the highest common factor of 1878316 and 902.
22
Calculate the greatest common divisor of 11285 and 38295.
185
Calculate the highest common divisor of 18170680 and 1464.
488
What is the greatest common factor of 2058 and 110920026?
2058
Calculate the greatest common divisor of 151810 and 32810.
170
What 